{"id":1017,"date":"2017-05-12T10:56:06","date_gmt":"2017-05-12T08:56:06","guid":{"rendered":"http:\/\/pargasmaskinbefal.fi\/?page_id=1017"},"modified":"2021-03-24T12:48:52","modified_gmt":"2021-03-24T10:48:52","slug":"16-2-17-varmote","status":"publish","type":"page","link":"https:\/\/pargasmaskinbefal.fi\/index.php\/16-2-17-varmote\/","title":{"rendered":"2016"},"content":{"rendered":"<p><strong>Verksamhetsber\u00e4ttelse f\u00f6r Pargas Maskinbef\u00e4lsf\u00f6rening \u00e5r 2016 .<\/strong><\/p>\n<p><strong>\u00a0<\/strong>Det g\u00e5ngna \u00e5ret var f\u00f6reningens <strong>91:de<\/strong> verksamhets\u00e5r.<\/p>\n<p><strong>Tage Johansson<\/strong> har fungerat som f\u00f6reningens ordf\u00f6rande.<\/p>\n<p><strong>Jan-Erik S\u00f6derholm<\/strong> har fungerat som vice ordf\u00f6rande samt kass\u00f6r<\/p>\n<p><strong>Berndt Karlsson<\/strong> har fungerat som f\u00f6reningens sekreterare.<\/p>\n<p>Styrelsen ordinarie medlemmar har varit: <strong>Tage Johansson<\/strong>, <strong>Lars Andersson,<\/strong><strong>Lasse Alhonen, Bj\u00f6rn Eklund, Tore Sj\u00f6blom, Jan-Erik S\u00f6derholm och <\/strong><strong>Berndt Karlsson.<\/strong><\/p>\n<p>Styrelsesuppleanter: <strong>Jan-Anders Sj\u00f6blom.<\/strong><\/p>\n<p>Verksamhetsgranskare: <strong>B\u00f6rje Engstr\u00f6m och Bertil Rantala.<\/strong><\/p>\n<p>Verksamhetsgranskarsuppleant: <strong>Jan Enkvist och<\/strong> <strong>Kenneth Holmqvist<\/strong><strong>.<\/strong><\/p>\n<p>Pressombud: <strong>Tore Sj\u00f6blom.<\/strong><\/p>\n<p>Under \u00e5ret har fyra styrelsem\u00f6ten h\u00e5llits samt fyra f\u00f6reningsm\u00f6ten.<\/p>\n<p>Vid periodens b\u00f6rjan var f\u00f6reningens medlemsantal 89.<\/p>\n<p>Under \u00e5ret har 4 medlemmar fyllt 60 \u00e5r, 3 medlemmar 70\u00e5r, 1 medlem fyllt 80 \u00e5r,\u00a0samt 1 medlem 90 \u00e5r.\u00a0Samtliga medlemmar har uppvaktats.<\/p>\n<p>Under perioden har en medlem intagits i f\u00f6reningen, fem medlemmar har uteslutits, en medlem har avlidit.<\/p>\n<p>Styrelsemedlemmen Tore Sj\u00f6blom avled 20.5.2016. Hans uppgift sk\u00f6ttes d\u00e4refter av Jan-Anders Sj\u00f6blom.<\/p>\n<p>Pargas Maskinbef\u00e4lsf\u00f6reningens hemsida sk\u00f6ts av Jan-Erik S\u00f6derholm.\u00a0Uppdatering av sidan p\u00e5g\u00e5r.<\/p>\n<p>Pargas Maskinbef\u00e4lsf\u00f6rening ordnade en resa till Gdansk i Polen 13-16.9. 2016\u00a0f\u00f6r sina medlemmar med avec., 14 st. deltog i resan.<br \/>\nResearrangemangen sk\u00f6ttes av resebyr\u00e5 Forte enligt medlemmarnas \u00f6nskem\u00e5l. Resan uppskattades av deltagarna.<\/p>\n<p>Finlands Maskinbef\u00e4lsf\u00f6rbunds f\u00f6rbundsm\u00f6te h\u00f6lls 23-24.4. 2016.<br \/>\nOrdf\u00f6rande Tage Johansson deltog i m\u00f6tet. Han blev vald till f\u00f6rste styrelsesuppleant f\u00f6r Helsingfors svenska maskinbef\u00e4lsf\u00f6rening.<\/p>\n<p>F\u00f6r \u00f6vrigt har f\u00f6reningen behandlat aktuella fr\u00e5gor inom branschen.<\/p>\n<p>Styrelsen tackar alla medlemmar f\u00f6r det g\u00e5ngna \u00e5ret.<\/p>\n<p>Pargas den 15.2.2016<\/p>\n<p><a href=\"http:\/\/pargasmaskinbefal.fi\/index.php\/aktuellt\/\"><em><strong><span style=\"color: #0000ff;\">Home<\/span><\/strong><\/em><\/a><\/p>\n","protected":false},"excerpt":{"rendered":"<p>Verksamhetsber\u00e4ttelse f\u00f6r Pargas Maskinbef\u00e4lsf\u00f6rening \u00e5r 2016 . \u00a0Det g\u00e5ngna \u00e5ret var f\u00f6reningens 91:de verksamhets\u00e5r. Tage Johansson har fungerat som f\u00f6reningens ordf\u00f6rande. Jan-Erik S\u00f6derholm har fungerat som vice ordf\u00f6rande samt kass\u00f6r Berndt Karlsson har fungerat som f\u00f6reningens sekreterare. Styrelsen ordinarie medlemmar har varit: Tage Johansson, Lars Andersson,Lasse Alhonen, Bj\u00f6rn Eklund, Tore Sj\u00f6blom, Jan-Erik S\u00f6derholm och Berndt &hellip; <\/p>\n<p class=\"link-more\"><a href=\"https:\/\/pargasmaskinbefal.fi\/index.php\/16-2-17-varmote\/\" class=\"more-link\">Continue reading<span class=\"screen-reader-text\"> &#8220;2016&#8221;<\/span><\/a><\/p>\n","protected":false},"author":1,"featured_media":0,"parent":0,"menu_order":0,"comment_status":"closed","ping_status":"closed","template":"","meta":[],"_links":{"self":[{"href":"https:\/\/pargasmaskinbefal.fi\/index.php\/wp-json\/wp\/v2\/pages\/1017"}],"collection":[{"href":"https:\/\/pargasmaskinbefal.fi\/index.php\/wp-json\/wp\/v2\/pages"}],"about":[{"href":"https:\/\/pargasmaskinbefal.fi\/index.php\/wp-json\/wp\/v2\/types\/page"}],"author":[{"embeddable":true,"href":"https:\/\/pargasmaskinbefal.fi\/index.php\/wp-json\/wp\/v2\/users\/1"}],"replies":[{"embeddable":true,"href":"https:\/\/pargasmaskinbefal.fi\/index.php\/wp-json\/wp\/v2\/comments?post=1017"}],"version-history":[{"count":31,"href":"https:\/\/pargasmaskinbefal.fi\/index.php\/wp-json\/wp\/v2\/pages\/1017\/revisions"}],"predecessor-version":[{"id":1359,"href":"https:\/\/pargasmaskinbefal.fi\/index.php\/wp-json\/wp\/v2\/pages\/1017\/revisions\/1359"}],"wp:attachment":[{"href":"https:\/\/pargasmaskinbefal.fi\/index.php\/wp-json\/wp\/v2\/media?parent=1017"}],"curies":[{"name":"wp","href":"https:\/\/api.w.org\/{rel}","templated":true}]}}