{"id":1418,"date":"2022-09-30T09:08:05","date_gmt":"2022-09-30T07:08:05","guid":{"rendered":"http:\/\/pargasmaskinbefal.fi\/?page_id=1418"},"modified":"2022-09-30T09:41:47","modified_gmt":"2022-09-30T07:41:47","slug":"altera","status":"publish","type":"page","link":"https:\/\/pargasmaskinbefal.fi\/index.php\/altera\/","title":{"rendered":"Altera"},"content":{"rendered":"\n<p> Ett studiebes\u00f6k gjordes till den eldrivna landsv\u00e4gsf\u00e4rjan Altera i september 2022. Som guide hade vi v\u00e5r f\u00f6reningsmedlem Leif Jakobsson, tack till honom.<\/p>\n\n\n\n<p> <\/p>\n\n\n\n<figure class=\"wp-block-image size-large is-resized\"><img loading=\"lazy\" src=\"http:\/\/pargasmaskinbefal.fi\/wp-content\/uploads\/2022\/09\/IMG_5257-1024x987.jpg\" alt=\"\" class=\"wp-image-1416\" width=\"541\" height=\"521\" srcset=\"https:\/\/pargasmaskinbefal.fi\/wp-content\/uploads\/2022\/09\/IMG_5257-1024x987.jpg 1024w, https:\/\/pargasmaskinbefal.fi\/wp-content\/uploads\/2022\/09\/IMG_5257-300x289.jpg 300w, https:\/\/pargasmaskinbefal.fi\/wp-content\/uploads\/2022\/09\/IMG_5257-768x740.jpg 768w, https:\/\/pargasmaskinbefal.fi\/wp-content\/uploads\/2022\/09\/IMG_5257.jpg 1125w\" sizes=\"(max-width: 541px) 100vw, 541px\" \/><\/figure>\n\n\n\n<p><\/p>\n\n\n\n<figure class=\"wp-block-image size-large is-resized\"><img loading=\"lazy\" src=\"http:\/\/pargasmaskinbefal.fi\/wp-content\/uploads\/2022\/09\/IMG_5251-1024x768.jpg\" alt=\"\" class=\"wp-image-1414\" width=\"542\" height=\"406\" srcset=\"https:\/\/pargasmaskinbefal.fi\/wp-content\/uploads\/2022\/09\/IMG_5251-1024x768.jpg 1024w, https:\/\/pargasmaskinbefal.fi\/wp-content\/uploads\/2022\/09\/IMG_5251-300x225.jpg 300w, https:\/\/pargasmaskinbefal.fi\/wp-content\/uploads\/2022\/09\/IMG_5251-768x576.jpg 768w, https:\/\/pargasmaskinbefal.fi\/wp-content\/uploads\/2022\/09\/IMG_5251-1536x1152.jpg 1536w, https:\/\/pargasmaskinbefal.fi\/wp-content\/uploads\/2022\/09\/IMG_5251-2048x1536.jpg 2048w\" sizes=\"(max-width: 542px) 100vw, 542px\" \/><\/figure>\n\n\n\n<p><\/p>\n\n\n\n<p>F\u00e4rjan \u00e4r byggd i Polen p\u00e5 samma varv som Elektra. F\u00e4rjan \u00e4r 104 m l\u00e5ng (Elektra 97,92 ), 15,20 meter bred och har en kapacitet p\u00e5 92 personbilar (Elektra 90)<\/p>\n\n\n\n<p>Namnet Altera betyder stolt, utm\u00e4rkt och den andra av tv\u00e5.<\/p>\n\n\n\n<p>Altera \u00e4r en hybridf\u00e4rja lik Elektra. Laddning av batterierna sker i b\u00e5da \u00e4ndhamnarna, samt vid behov med 3 dieselgeneratorer. \u00a0Vidare finns solpaneler p\u00e5 b\u00e5da sidan av bryggan.<\/p>\n\n\n\n<figure class=\"wp-block-image size-full is-resized\"><img loading=\"lazy\" src=\"http:\/\/pargasmaskinbefal.fi\/wp-content\/uploads\/2022\/09\/IMG_5256.jpg\" alt=\"\" class=\"wp-image-1415\" width=\"404\" height=\"828\" srcset=\"https:\/\/pargasmaskinbefal.fi\/wp-content\/uploads\/2022\/09\/IMG_5256.jpg 486w, https:\/\/pargasmaskinbefal.fi\/wp-content\/uploads\/2022\/09\/IMG_5256-146x300.jpg 146w\" sizes=\"(max-width: 404px) 100vw, 404px\" \/><\/figure>\n\n\n\n<p><\/p>\n\n\n\n<figure class=\"wp-block-image size-large\"><img loading=\"lazy\" width=\"1024\" height=\"921\" src=\"http:\/\/pargasmaskinbefal.fi\/wp-content\/uploads\/2022\/09\/IMG_5258-1024x921.jpg\" alt=\"\" class=\"wp-image-1417\" srcset=\"https:\/\/pargasmaskinbefal.fi\/wp-content\/uploads\/2022\/09\/IMG_5258-1024x921.jpg 1024w, https:\/\/pargasmaskinbefal.fi\/wp-content\/uploads\/2022\/09\/IMG_5258-300x270.jpg 300w, https:\/\/pargasmaskinbefal.fi\/wp-content\/uploads\/2022\/09\/IMG_5258-768x691.jpg 768w, https:\/\/pargasmaskinbefal.fi\/wp-content\/uploads\/2022\/09\/IMG_5258.jpg 1081w\" sizes=\"(max-width: 767px) 89vw, (max-width: 1000px) 54vw, (max-width: 1071px) 543px, 580px\" \/><\/figure>\n","protected":false},"excerpt":{"rendered":"<p>Ett studiebes\u00f6k gjordes till den eldrivna landsv\u00e4gsf\u00e4rjan Altera i september 2022. Som guide hade vi v\u00e5r f\u00f6reningsmedlem Leif Jakobsson, tack till honom. F\u00e4rjan \u00e4r byggd i Polen p\u00e5 samma varv som Elektra. F\u00e4rjan \u00e4r 104 m l\u00e5ng (Elektra 97,92 ), 15,20 meter bred och har en kapacitet p\u00e5 92 personbilar (Elektra 90) Namnet Altera betyder &hellip; <\/p>\n<p class=\"link-more\"><a href=\"https:\/\/pargasmaskinbefal.fi\/index.php\/altera\/\" class=\"more-link\">Continue reading<span class=\"screen-reader-text\"> &#8220;Altera&#8221;<\/span><\/a><\/p>\n","protected":false},"author":1,"featured_media":0,"parent":0,"menu_order":0,"comment_status":"closed","ping_status":"closed","template":"","meta":[],"_links":{"self":[{"href":"https:\/\/pargasmaskinbefal.fi\/index.php\/wp-json\/wp\/v2\/pages\/1418"}],"collection":[{"href":"https:\/\/pargasmaskinbefal.fi\/index.php\/wp-json\/wp\/v2\/pages"}],"about":[{"href":"https:\/\/pargasmaskinbefal.fi\/index.php\/wp-json\/wp\/v2\/types\/page"}],"author":[{"embeddable":true,"href":"https:\/\/pargasmaskinbefal.fi\/index.php\/wp-json\/wp\/v2\/users\/1"}],"replies":[{"embeddable":true,"href":"https:\/\/pargasmaskinbefal.fi\/index.php\/wp-json\/wp\/v2\/comments?post=1418"}],"version-history":[{"count":8,"href":"https:\/\/pargasmaskinbefal.fi\/index.php\/wp-json\/wp\/v2\/pages\/1418\/revisions"}],"predecessor-version":[{"id":1432,"href":"https:\/\/pargasmaskinbefal.fi\/index.php\/wp-json\/wp\/v2\/pages\/1418\/revisions\/1432"}],"wp:attachment":[{"href":"https:\/\/pargasmaskinbefal.fi\/index.php\/wp-json\/wp\/v2\/media?parent=1418"}],"curies":[{"name":"wp","href":"https:\/\/api.w.org\/{rel}","templated":true}]}}