{"id":1552,"date":"2024-02-22T12:03:38","date_gmt":"2024-02-22T10:03:38","guid":{"rendered":"http:\/\/pargasmaskinbefal.fi\/?page_id=1552"},"modified":"2024-02-22T12:53:55","modified_gmt":"2024-02-22T10:53:55","slug":"2023-2","status":"publish","type":"page","link":"https:\/\/pargasmaskinbefal.fi\/index.php\/2023-2\/","title":{"rendered":"2023"},"content":{"rendered":"\n<p><strong>Verksamhetsber\u00e4ttelse f\u00f6r Pargas Maskinbef\u00e4lsf\u00f6rening \u00e5r 2023  .<\/strong><\/p>\n\n\n\n<p>Det g\u00e5ngna \u00e5ret var f\u00f6reningens <strong>98:<\/strong>de verksamhets\u00e5r.<\/p>\n\n\n\n<p><strong>Tage Johansson<\/strong> har fungerat som f\u00f6reningens ordf\u00f6rande.<\/p>\n\n\n\n<p><strong>Jan-Erik S\u00f6derholm<\/strong> har fungerat som vice ordf\u00f6rande, samt kass\u00f6r<\/p>\n\n\n\n<p><strong>Berndt Karlsson<\/strong> har fungerat som f\u00f6reningens sekreterare.<\/p>\n\n\n\n<p>Styrelsens ordinarie medlemmar har varit: <strong>Tage Johansson,\u00a0Bertel Henriksson, Kenneth Holmqvist, Bertil Rantala, Ronny Nedermo, Jan-Anders Sj\u00f6blom, Jan-Erik S\u00f6derholm samt\u00a0Berndt Karlsson.<\/strong><\/p>\n\n\n\n<p>Styrelsesuppleanter: <strong>Kenneth Edlund och Rune S\u00f6derstr\u00f6m.<\/strong><\/p>\n\n\n\n<p>Verksamhetsgranskare:<strong> Bertil Rantala och Kenneth Edlund<\/strong>.<\/p>\n\n\n\n<p>Verksamhetsgranskarsuppleant: <strong>Bo-Erik Hanse\u00b4n och<\/strong> <strong>Anders S\u00f6derholm.<\/strong><\/p>\n\n\n\n<p>Pressombud: <strong>Bertil Rantala.<\/strong><\/p>\n\n\n\n<p><strong>Tage Johansson<\/strong> ordinarie medlem i styrelsen f\u00f6r Finlands Maskinbef\u00e4lsf\u00f6rbund.<\/p>\n\n\n\n<p>Under \u00e5ret har tv\u00e5 styrelsem\u00f6ten h\u00e5llits, samt fyra f\u00f6reningsm\u00f6ten, och konstituerande styrelsem\u00f6te.<\/p>\n\n\n\n<p>Bes\u00f6k p\u00e5 Olkiluoto 10.11.2023. Resan anordnades med start fr\u00e5n Pargas med ParTours buss. Med var medlemmar fr\u00e5n Nagu, Pargas, st Karins, \u00c5bo och Kimito. Vid Olkiluoto deltog man i en guidad tur runt omr\u00e5det, samt bes\u00f6kte utst\u00e4llningsutrymmet. 11 medlemmar deltog.<\/p>\n\n\n\n<p>Under \u00e5ret har 1 medlem fyllt 70 \u00e5r och 2 medlemmar 50 \u00e5r. Dessa uppvaktades med f\u00f6delsedagskort.<\/p>\n\n\n\n<p>Vid periodens slut var f\u00f6reningens medlemsantal 74.<\/p>\n\n\n\n<p>Under perioden har 1 medlem antagits och 3 uteslutits. En medlem har avlidit.<\/p>\n\n\n\n<p>Intressepriset f\u00f6r 2023 tilldelas Ronny Nedermo.<\/p>\n\n\n\n<p>Under f\u00f6reningsm\u00f6tena har man behandlat och diskuterat aktuella fr\u00e5gor inom branchen. Under detta \u00e5r har ocks\u00e5 f\u00f6reningens 100 \u00e5rs jubileum diskuterats. Planen \u00e4r att h\u00e5lla en tillst\u00e4llning under v\u00e5rvintern 2025, f\u00f6rslagsvis p\u00e5 Furuvik.<\/p>\n\n\n\n<p><\/p>\n\n\n\n<p>Styrelsen tackar alla medlemmar f\u00f6r det g\u00e5ngna \u00e5ret.<\/p>\n\n\n\n<p><\/p>\n\n\n\n<p>Pargas den 21.2.2024<\/p>\n\n\n\n<p>Styrelsen<\/p>\n\n\n\n<p><\/p>\n\n\n\n<p><\/p>\n","protected":false},"excerpt":{"rendered":"<p>Verksamhetsber\u00e4ttelse f\u00f6r Pargas Maskinbef\u00e4lsf\u00f6rening \u00e5r 2023 . Det g\u00e5ngna \u00e5ret var f\u00f6reningens 98:de verksamhets\u00e5r. Tage Johansson har fungerat som f\u00f6reningens ordf\u00f6rande. Jan-Erik S\u00f6derholm har fungerat som vice ordf\u00f6rande, samt kass\u00f6r Berndt Karlsson har fungerat som f\u00f6reningens sekreterare. Styrelsens ordinarie medlemmar har varit: Tage Johansson,\u00a0Bertel Henriksson, Kenneth Holmqvist, Bertil Rantala, Ronny Nedermo, Jan-Anders Sj\u00f6blom, Jan-Erik S\u00f6derholm &hellip; <\/p>\n<p class=\"link-more\"><a href=\"https:\/\/pargasmaskinbefal.fi\/index.php\/2023-2\/\" class=\"more-link\">Continue reading<span class=\"screen-reader-text\"> &#8220;2023&#8221;<\/span><\/a><\/p>\n","protected":false},"author":1,"featured_media":0,"parent":0,"menu_order":0,"comment_status":"closed","ping_status":"closed","template":"","meta":[],"_links":{"self":[{"href":"https:\/\/pargasmaskinbefal.fi\/index.php\/wp-json\/wp\/v2\/pages\/1552"}],"collection":[{"href":"https:\/\/pargasmaskinbefal.fi\/index.php\/wp-json\/wp\/v2\/pages"}],"about":[{"href":"https:\/\/pargasmaskinbefal.fi\/index.php\/wp-json\/wp\/v2\/types\/page"}],"author":[{"embeddable":true,"href":"https:\/\/pargasmaskinbefal.fi\/index.php\/wp-json\/wp\/v2\/users\/1"}],"replies":[{"embeddable":true,"href":"https:\/\/pargasmaskinbefal.fi\/index.php\/wp-json\/wp\/v2\/comments?post=1552"}],"version-history":[{"count":3,"href":"https:\/\/pargasmaskinbefal.fi\/index.php\/wp-json\/wp\/v2\/pages\/1552\/revisions"}],"predecessor-version":[{"id":1556,"href":"https:\/\/pargasmaskinbefal.fi\/index.php\/wp-json\/wp\/v2\/pages\/1552\/revisions\/1556"}],"wp:attachment":[{"href":"https:\/\/pargasmaskinbefal.fi\/index.php\/wp-json\/wp\/v2\/media?parent=1552"}],"curies":[{"name":"wp","href":"https:\/\/api.w.org\/{rel}","templated":true}]}}