{"id":725,"date":"2017-02-16T14:00:53","date_gmt":"2017-02-16T12:00:53","guid":{"rendered":"http:\/\/pargasmaskinbefal.fi\/?page_id=725"},"modified":"2025-12-14T15:37:50","modified_gmt":"2025-12-14T13:37:50","slug":"aktuellt","status":"publish","type":"page","link":"https:\/\/pargasmaskinbefal.fi\/index.php\/aktuellt\/","title":{"rendered":"Aktuellt"},"content":{"rendered":"<blockquote><p><b>M\u00d6TE<\/b><\/p>\n<p><b>Restaurang Kajutan<\/b><\/p><\/blockquote>\n<h1><b>M\u00e5ndag 22.12. 2025 18:00 (Styrelsen 17:00)<\/b><\/h1>\n<h1><strong><span style=\"color: #ff33ff;\">Hoppas p\u00e5 nya deltagare som \u00e4nnu \u00e4r i arbetslivet.<\/span><\/strong><b><\/b><\/h1>\n<p><b><span style=\"color: #ff33ff;\">Pensionsavgiften\u00a0<\/span><b><\/b><\/b><\/p>\n<p>Vi pension\u00e4rer i Finlands Maskinbef\u00e4lsf\u00f6rbund f\u00e5r \u00e5rligen oss tills\u00e4nda en medlemsavgift p\u00e5 30 \u20ac att betala sedan \u00e5r 2019.<\/p>\n<p>F\u00f6r att klarl\u00e4gga fr\u00e5gor och funderingar kring avgiften skickar jag denna information.<\/p>\n<p>Medlem som l\u00e4mnar avgiften obetald, <b>kan inte bli utskriven fr\u00e5n f\u00f6rbundet eller f\u00f6reningen,\u00a0<\/b>utan d\u00e5 f\u00f6rlorar man f\u00f6rm\u00e5ner som t.ex. tidskriften Kraft och Drift, fritids- och resef\u00f6rs\u00e4kringen (f\u00f6r medlem under 70 \u00e5r), kalender mm. (se f\u00f6rbundets eller f\u00f6reningens hemsidor under rubriken f\u00f6rm\u00e5ner).<\/p>\n<p>Rekommenderar att medlemmar under 70 \u00e5r betalar medlemsavgiften (enbart fritidsf\u00f6rs\u00e4kringen \u00e4r v\u00e4rd det dubbla).<\/p>\n<p>Medlemmar som n\u00e4rmar sig 70 \u00e5r och vill forts\u00e4tta med fritids- och resef\u00f6rs\u00e4kringen rekommenderas kontakta f\u00f6rs\u00e4kringsbolaget Turva innan uppn\u00e5dd \u00e5lder. Man f\u00e5r teckna en ny motsvarande f\u00f6rs\u00e4kring till ett f\u00f6rm\u00e5nligare pris d\u00e5 man \u00e4r medlem i Finlands Maskinbef\u00e4lsf\u00f6rbund.<\/p>\n<p>Om n\u00e5got \u00e4nnu \u00e4r oklart ang\u00e5ende pensionsavgiften, kontakta d\u00e5 ordf\u00f6rande Tage Johansson eller undertecknad.<\/p>\n<p>Pargas Maskinbef\u00e4lsf\u00f6rening rf. 016<\/p>\n<p>sekr. Ronny Nedermo<\/p>\n<p><b><span style=\"color: #ff33ff;\">Medlemskortet.<\/span><\/b><\/p>\n<p><b><b><\/b><\/b>Enligt senaste Kraft &amp; Drift (5\/2019) g\u00e4ller f\u00f6ljande :<\/p>\n<p>Finlands Maskinbef\u00e4lsf\u00f6rbund \u00e4ndrar fr\u00e5n plastmedlemskort till mobilmedlemskort f.o.m. \u00e5r 2020. Om du byter telefon m\u00e5ste du best\u00e4lla ny l\u00e4nk fr\u00e5n Maskinbef\u00e4lsf\u00f6rbundets sekreterare (se nedan)<\/p>\n<p><b><span style=\"color: #ff33ff;\">Medlemsavgiften.<\/span><\/b><\/p>\n<p>Enligt F\u00f6rbundsstyrelseprotokoll 1630 14.12.2021 s\u00e4nks avgiften fr\u00e5n 1,2% till 0,99%<\/p>\n<p>Meddela ditt mobiltelefonnummer endera per telefon eller email till<\/p>\n<p>Ann-Katrin Viertola 09 5860 4815 eller<br \/>\n<span style=\"color: #0000ff;\"><a style=\"color: #0000ff;\" href=\"mailto:ann-katrin.viertola@konepaallistoliitto.fi\">Email : Ann-Katrin Viertola<\/a><\/span><\/p>\n","protected":false},"excerpt":{"rendered":"<p>M\u00d6TE Restaurang Kajutan M\u00e5ndag 22.12. 2025 18:00 (Styrelsen 17:00) Hoppas p\u00e5 nya deltagare som \u00e4nnu \u00e4r i arbetslivet. Pensionsavgiften\u00a0 Vi pension\u00e4rer i Finlands Maskinbef\u00e4lsf\u00f6rbund f\u00e5r \u00e5rligen oss tills\u00e4nda en medlemsavgift p\u00e5 30 \u20ac att betala sedan \u00e5r 2019. F\u00f6r att klarl\u00e4gga fr\u00e5gor och funderingar kring avgiften skickar jag denna information. Medlem som l\u00e4mnar avgiften obetald, &hellip; <\/p>\n<p class=\"link-more\"><a href=\"https:\/\/pargasmaskinbefal.fi\/index.php\/aktuellt\/\" class=\"more-link\">Continue reading<span class=\"screen-reader-text\"> &#8220;Aktuellt&#8221;<\/span><\/a><\/p>\n","protected":false},"author":1,"featured_media":0,"parent":0,"menu_order":0,"comment_status":"closed","ping_status":"closed","template":"","meta":[],"_links":{"self":[{"href":"https:\/\/pargasmaskinbefal.fi\/index.php\/wp-json\/wp\/v2\/pages\/725"}],"collection":[{"href":"https:\/\/pargasmaskinbefal.fi\/index.php\/wp-json\/wp\/v2\/pages"}],"about":[{"href":"https:\/\/pargasmaskinbefal.fi\/index.php\/wp-json\/wp\/v2\/types\/page"}],"author":[{"embeddable":true,"href":"https:\/\/pargasmaskinbefal.fi\/index.php\/wp-json\/wp\/v2\/users\/1"}],"replies":[{"embeddable":true,"href":"https:\/\/pargasmaskinbefal.fi\/index.php\/wp-json\/wp\/v2\/comments?post=725"}],"version-history":[{"count":90,"href":"https:\/\/pargasmaskinbefal.fi\/index.php\/wp-json\/wp\/v2\/pages\/725\/revisions"}],"predecessor-version":[{"id":1643,"href":"https:\/\/pargasmaskinbefal.fi\/index.php\/wp-json\/wp\/v2\/pages\/725\/revisions\/1643"}],"wp:attachment":[{"href":"https:\/\/pargasmaskinbefal.fi\/index.php\/wp-json\/wp\/v2\/media?parent=725"}],"curies":[{"name":"wp","href":"https:\/\/api.w.org\/{rel}","templated":true}]}}