{"id":727,"date":"2017-02-16T14:01:12","date_gmt":"2017-02-16T12:01:12","guid":{"rendered":"http:\/\/pargasmaskinbefal.fi\/?page_id=727"},"modified":"2023-03-08T21:32:20","modified_gmt":"2023-03-08T19:32:20","slug":"foreningen","status":"publish","type":"page","link":"https:\/\/pargasmaskinbefal.fi\/index.php\/foreningen\/","title":{"rendered":"F\u00f6reningen"},"content":{"rendered":"<h3><\/h3>\n<h3><span style=\"color: #3366ff;\"><strong>F\u00f6reningens kontonummer : \u00a0<\/strong><\/span><strong>FI34 4055 8220 0206 96<\/strong><\/h3>\n<h3><span style=\"color: #3366ff;\"><strong>F\u00f6reningens FO-nummer :\u00a0<\/strong><\/span><strong>3027240-2<\/strong><\/h3>\n<h1><em><span style=\"color: #8a2be2;\"><strong>Lite statistik \u00f6ver medlemmarnas intresse i f\u00f6reningen fram till 2023.<\/strong><\/span><\/em><\/h1>\n<h4><span style=\"color: #ff00ff;\">Ordf\u00f6rande :<\/span><\/h4>\n<ul>\n<li style=\"list-style-type: none;\">\n<ul>\n<li>Hans Karlssonn \u00a0 \u00a0 \u00a012 \u00e5r (1954-1965)<\/li>\n<li>Kurt Karlsson \u00a0 \u00a0 \u00a0 \u00a0 \u00a023 \u00e5r (1978-2000)<\/li>\n<li>Thorolf Lindell \u00a0 \u00a0 \u00a0 \u00a0 11 \u00e5r (2001-2011)<\/li>\n<li>Tage Johansson \u00a0 \u00a0 \u00a011 \u00e5r(2012-2023)<\/li>\n<\/ul>\n<\/li>\n<\/ul>\n<h4><span style=\"color: #ff00ff;\">Sekreterare :<\/span><\/h4>\n<ul>\n<li style=\"list-style-type: none;\">\n<ul>\n<li>Birger Hannula \u00a0 \u00a0 \u00a0 \u00a0 \u00a0 6 \u00e5r (1965-1970)<\/li>\n<li>Bo-Eric Hanse\u00b4n \u00a0 \u00a0 \u00a021 \u00e5r (1971-1991)<\/li>\n<li>Thorolf Lindell \u00a0 \u00a0 \u00a0 \u00a0 \u00a0 \u00a09 \u00e5r (1992-2000)<\/li>\n<li>Berndt Karlsson \u00a0 \u00a0 \u00a023 \u00e5r (2001-2023)<\/li>\n<\/ul>\n<\/li>\n<\/ul>\n<h4><span style=\"color: #ff00ff;\">Kass\u00f6r :<\/span><\/h4>\n<ul>\n<li style=\"list-style-type: none;\">\n<ul>\n<li>Hans Karlsson \u00a0 \u00a0 \u00a0 \u00a0 \u00a0 14 \u00e5r (1952-1965)<\/li>\n<li>Kurt Karlsson \u00a0 \u00a0 \u00a0 \u00a0 \u00a0 \u00a023 \u00e5r (1978-2000)<\/li>\n<li>Thorolf Lindell \u00a0 \u00a0 \u00a0 \u00a0 \u00a0 11 \u00e5r (2001-2011)<\/li>\n<li>Jan-Erik S\u00f6derholm 9 \u00e5r (2014-2023)<\/li>\n<\/ul>\n<\/li>\n<\/ul>\n<h1><em><strong><span style=\"color: #3366ff;\">Intressanta klipp ur f\u00f6reningens historia.<\/span><\/strong><\/em><\/h1>\n<p><!--more--><\/p>\n<p>&#8212;&#8212;&#8212;&#8212;&#8212;&#8212;&#8212;&#8212;&#8212;&#8212;&#8212;&#8212;&#8212;&#8212;&#8212;&#8212;&#8212;&#8212;&#8212;&#8212;&#8212;&#8212;&#8212;&#8212;&#8212;&#8212;&#8212;&#8212;&#8212;&#8212;&#8212;&#8211;<\/p>\n<p><strong>12.2.1925<\/strong><\/p>\n<p>Protokoll f\u00f6rt vid m\u00f6te i Pargas p\u00e5 Eklunds cafe, Pargas malm.<\/p>\n<p><img loading=\"lazy\" class=\"alignnone wp-image-1175 size-full\" src=\"http:\/\/pargasmaskinbefal.fi\/wp-content\/uploads\/2017\/02\/Eklunds-cafe-e1517409987197.jpg\" width=\"882\" height=\"582\" \/><\/p>\n<p>Till m\u00f6tet hade infunnit sig 8 intresserade f\u00f6r bildande av en under Finska Maskinm\u00e4stare F\u00f6rbundet underlydande avdelning i Pargas.<\/p>\n<p><strong>De n\u00e4rvarande var :<\/strong><\/p>\n<p><img loading=\"lazy\" class=\"alignnone wp-image-1169 size-full\" src=\"http:\/\/pargasmaskinbefal.fi\/wp-content\/uploads\/2017\/02\/2-e1517298947851.jpg\" width=\"250\" height=\"162\" \/>\u00a0 \u00a0<img loading=\"lazy\" class=\"alignnone wp-image-849 size-full\" src=\"http:\/\/pargasmaskinbefal.fi\/wp-content\/uploads\/2017\/02\/B\u00e4cklund-e1517298915511.jpg\" width=\"250\" height=\"167\" \/><\/p>\n<p>B\u00e4cklund Wilhelm \u00c4gidius, (1.9.1883 &#8211; 19.1.1967), ordf\u00f6rande<\/p>\n<p>&lt;Foto saknas&gt;<\/p>\n<p>Lundstr\u00f6m Karl Wilhelm (27.7.1871 &#8211; 3.8.1937), sekreterare<\/p>\n<p><img loading=\"lazy\" class=\"alignnone size-full wp-image-1234\" src=\"http:\/\/pargasmaskinbefal.fi\/wp-content\/uploads\/2017\/02\/Lennart-Lindberg-e1519631318549.jpg\" alt=\"\" width=\"139\" height=\"202\" \/><\/p>\n<p>Lindberg Lennart Karl (21.3.1891 &#8211; 9.1.1962), kass\u00f6r<\/p>\n<p><img loading=\"lazy\" class=\"alignnone wp-image-1171 size-full\" src=\"http:\/\/pargasmaskinbefal.fi\/wp-content\/uploads\/2017\/02\/4-e1517300023140.jpg\" width=\"250\" height=\"164\" \/><\/p>\n<p>Lindberg Oliver Konrad (25.9.1887 &#8211; 20.3.1969), styrelsemedlem<\/p>\n<p>&lt;Foto saknas&gt;<\/p>\n<p>Sederstr\u00f6m Oskar V\u00e4in\u00f6 (24.5.1870 &#8211; 11.11.1960), sekreterar suppleant<\/p>\n<p>&lt;Foto saknas&gt;<\/p>\n<p>Isaksson John Arthur (22.4.1881 &#8211; 12.8.1960),styrelsemedlem<\/p>\n<p><img loading=\"lazy\" class=\"alignnone wp-image-1181 size-full\" src=\"http:\/\/pargasmaskinbefal.fi\/wp-content\/uploads\/2017\/02\/2-1-e1517839158287.jpg\" width=\"250\" height=\"173\" \/><\/p>\n<p>Lindroos Carl Emil (6.3.1890 &#8211; 11.5.1963), styrelsemedlem<\/p>\n<p>&lt;Foto saknas&gt;<\/p>\n<p>Andersson John Wilhelm (13.9.1887 &#8211; 10.7.1928), styrelsemedlem<\/p>\n<p>M\u00f6tet \u00f6ppnades av B\u00e4cklund som uts\u00e5gs att dra f\u00f6rhandlingarna och \u00e4ven f\u00f6ra protokollet.<\/p>\n<p><strong>1 \u00a7<\/strong><\/p>\n<p>Ett f\u00f6rslag till stadgar genomgick och godk\u00e4ndes.<\/p>\n<p><strong>2 \u00a7<\/strong><\/p>\n<p>Till ordf\u00f6rande f\u00f6r den nya avdelningen valdes Wilhelm B\u00e4cklund.<\/p>\n<p><strong>3 \u00a7<\/strong><\/p>\n<p>Till avdelningens f\u00f6rsta styrelse valdes Karl Wilhelm Lundstr\u00f6m, John Arthur Isaksson, Oskar V\u00e4in\u00f6 Sederstr\u00f6m, Karl Emil Lindroos, John Wilhelm Andersson, Karl Lennart Lindberg.<\/p>\n<p><strong>4 \u00a7<\/strong><\/p>\n<p>Att ombes\u00f6rja de antagna stadgarnas stadf\u00e4stelse uts\u00e5gs Karl Wilhelm Lundstr\u00f6m.<\/p>\n<p><strong>5 \u00a7<\/strong><\/p>\n<p>Besl\u00f6ts att avdelningen under namn av Pargas Avdelning skulle ansluta sig till Finska Maskinm\u00e4stare F\u00f6rbundet.<\/p>\n<p>Pargas den 12 februari 1925<\/p>\n<p>&#8212;&#8212;&#8212;&#8212;&#8212;&#8212;&#8212;&#8212;&#8212;&#8212;&#8212;&#8212;&#8212;&#8212;&#8212;&#8212;&#8212;&#8212;&#8212;&#8212;&#8212;&#8212;&#8212;&#8212;&#8212;&#8212;&#8212;&#8212;&#8212;&#8212;&#8212;&#8211;<\/p>\n<p><strong>28.12.1925<\/strong><\/p>\n<p>Protokoll f\u00f6rt vid m\u00f6te i Pargas p\u00e5 Eklunds cafe, Pargas malm.<\/p>\n<p>Till kass\u00f6r valdes Lennart Lindberg, till sekreterare valdes Karl Lundstr\u00f6m, samt hans suppleant Oskar Sederstr\u00f6m.<\/p>\n<p>Till protokolljusterare valdes Konrad Lindberg och John Isaksson.<\/p>\n<p>&#8212;&#8212;&#8212;&#8212;&#8212;&#8212;&#8212;&#8212;&#8212;&#8212;&#8212;&#8212;&#8212;&#8212;&#8212;&#8212;&#8212;&#8212;&#8212;&#8212;&#8212;&#8212;&#8212;&#8212;&#8212;&#8212;&#8212;&#8212;&#8212;&#8212;&#8212;&#8211;<\/p>\n<p><strong>5.4.1926<\/strong><\/p>\n<p>Protokoll f\u00f6rt vid m\u00f6te i Pargas p\u00e5 Eklunds cafe, Pargas malm.<\/p>\n<p>Nya medlemmar Karl Waldemar Wilen, 10.6.1875, Karl Emil Gustafsson, 10.10.1878. Karl Amandus Karlsson 4.11.1884, Karl Onnar Dahlstr\u00f6m 19.7.1900.<\/p>\n<p>F\u00f6redrogs F\u00f6rbundstyrelsens cirkul\u00e4r ang\u00e5ende medlemmarnas inbetalning till f\u00f6rbundet.<\/p>\n<p>Besl\u00f6ts att avgifterna skall utg\u00e5 med f\u00f6ljande belopp f\u00f6rutom det belopp stadgarna f\u00f6reskriver.<\/p>\n<p>W B\u00e4cklund (180), K Lundstr\u00f6m (140), O Sederstr\u00f6m (120), K L Lindberg (120), K O Lindberg (120), K Karlsson (120), K Dalstr\u00f6m (100), J Andersson (120), K Lindroos (120), J Isaksson (120), K Wilen (100), K Gustafsson (60)<\/p>\n<p>&#8212;&#8212;&#8212;&#8212;&#8212;&#8212;&#8212;&#8212;&#8212;&#8212;&#8212;&#8212;&#8212;&#8212;&#8212;&#8212;&#8212;&#8212;&#8212;&#8212;&#8212;&#8212;&#8212;&#8212;&#8212;&#8212;&#8212;&#8212;&#8212;&#8212;&#8212;&#8211;<\/p>\n<p><strong>2.2.1927<\/strong><\/p>\n<p>Protokoll f\u00f6rt vid m\u00f6te i Pargas p\u00e5 Eklunds cafe, Pargas malm.<\/p>\n<p>M\u00f6tet sammankallades medelst annons i ortstidningen <strong><em>Pargas Kung\u00f6relser<\/em><\/strong>.<\/p>\n<p>&#8212;&#8212;&#8212;&#8212;&#8212;&#8212;&#8212;&#8212;&#8212;&#8212;&#8212;&#8212;&#8212;&#8212;&#8212;&#8212;&#8212;&#8212;&#8212;&#8212;&#8212;&#8212;&#8212;&#8212;&#8212;&#8212;&#8212;&#8212;&#8212;&#8212;&#8212;&#8211;<\/p>\n<p><strong>27.2.1927<\/strong><\/p>\n<p>Protokoll f\u00f6rt vid \u00e5rsm\u00f6te i Pargas p\u00e5 Eklunds cafe, Pargas malm.<\/p>\n<p>Besl\u00f6t utesluta Karl Dalstr\u00f6m fr\u00e5n avdelningen p\u00e5 grund av att han v\u00e4grat betala sina avgifter till f\u00f6rbundet och avdelningen.<\/p>\n<p>&#8212;&#8212;&#8212;&#8212;&#8212;&#8212;&#8212;&#8212;&#8212;&#8212;&#8212;&#8212;&#8212;&#8212;&#8212;&#8212;&#8212;&#8212;&#8212;&#8212;&#8212;&#8212;&#8212;&#8212;&#8212;&#8212;&#8212;&#8212;&#8212;&#8212;&#8212;&#8211;<\/p>\n<p><strong>26.3.1927<\/strong><\/p>\n<p>Protokoll f\u00f6rt vid m\u00f6te i Pargas p\u00e5 Eklunds cafe, Pargas malm.<\/p>\n<p>N\u00e4rvarande K Gustafsson, L Lindberg, K Lundstr\u00f6m, W B\u00e4cklundBesl\u00f6ts att avdelningens m\u00f6ten s\u00e5 vitt m\u00f6jligt skola f\u00f6rsigg\u00e5 hos medlemmarna i deras hem.<\/p>\n<p>&#8212;&#8212;&#8212;&#8212;&#8212;&#8212;&#8212;&#8212;&#8212;&#8212;&#8212;&#8212;&#8212;&#8212;&#8212;&#8212;&#8212;&#8212;&#8212;&#8212;&#8212;&#8212;&#8212;&#8212;&#8212;&#8212;&#8212;&#8212;&#8212;&#8212;&#8212;&#8211;<\/p>\n<p><strong>\u00c5rsber\u00e4ttelsen f\u00f6r Finska Maskinm\u00e4starf\u00f6rbundets Pargas avdelning f\u00f6r \u00e5r 1927.<\/strong><\/p>\n<p>Avdelningen har under \u00e5rets lopp haft endast 4 m\u00f6ten av orsak att medlemmarna \u00e4ro anst\u00e4llda \u00e5 fartyg och \u00e4ro de f\u00f6rhindrade \u00e4ven d\u00e4rav att de \u00e4ro bosatta p\u00e5 avl\u00e4gsna orter fr\u00e5n m\u00f6teslokalen.<\/p>\n<p>Avdelningens medlemsantal var vid den 27 februari 1927 10 personer varav en genom d\u00f6den avg\u00e5tt, n\u00e4mligen John Wilhelm Andersson, som genom drunkning omkom 10 juli.<\/p>\n<p>Avdelningens styrelse och \u00f6vriga funktion\u00e4rer har varit samma personer som f\u00f6reg\u00e5ende \u00e5r.<\/p>\n<p>Vid m\u00f6tet den 15 januari besl\u00f6ts att meddela 10 insamlingslistor f\u00f6rst\u00e4rka avdelningens kassa. Besl\u00f6ts anordna en paketafton med kaffeservering, vilket \u00e4ven f\u00f6ranstaltades den 28 januari med en kassabeh\u00e5llning av Fmk 266:-.<\/p>\n<p><strong>Till medlemmar i avdelningen har anm\u00e4lt sig :<\/strong><\/p>\n<p>Felix Arkadius Gr\u00f6nfelt f\u00f6dd den 5.3.1893 i Pargas och innehar undermaskinm\u00e4starbrev.<\/p>\n<p>Kurt Martin Kronhed f\u00f6dd 3.8.1897 i Pargas.<\/p>\n<p>Artur Alexander Hyypi\u00e4 f\u00f6dd den 15.6.1886.<\/p>\n<p>Anton Salomaa f\u00f6dd i Pielisj\u00e4rvi den 10.10.1893.<\/p>\n<p>Frans Lahti f\u00f6dd i Taivassalo 2.12.1901 (examen i \u00c5bo 1926)<\/p>\n<p>Johan Salomaa 7.6.1902.<\/p>\n<p>Beh\u00e5llningen fr\u00e5n g\u00e4strivningen Fmk 36:50. S\u00e5lda l\u00e4skedrycker Fmk 131:-, tobak Fmk 69:-<\/p>\n<p>Genom insamlingslistorna influtit medel till den 11 februari Fmk 602,50.<\/p>\n<p>&#8212;&#8212;&#8212;&#8212;&#8212;&#8212;&#8212;&#8212;&#8212;&#8212;&#8212;&#8212;&#8212;&#8212;&#8212;&#8212;&#8212;&#8212;&#8212;&#8212;&#8212;&#8212;&#8212;&#8212;&#8212;&#8212;&#8212;&#8212;&#8212;&#8212;&#8212;&#8211;<\/p>\n<p><strong>15.1.1928<\/strong><\/p>\n<p>Protokoll f\u00f6rt vid m\u00f6te i Pargas p\u00e5 Eklunds cafe, Pargas malm.<\/p>\n<p>N\u00e4rvarande W B\u00e4cklund, K Lundstr\u00f6m, J Isaksson, O Sederstr\u00f6m, K Lindroos, E Gustafsson. Dessutom hade infunnit sig Artur Hyypi\u00e4 (15.6.1886), Johan Salomaa (6.7.1892), Martin Kronhed (3.8.1827), Felix Gr\u00f6nfeldt (5.3.1893) vilka anm\u00e4lde sig villiga att intr\u00e4da som medlemmar i avdelningen.<\/p>\n<p>Besl\u00f6ts att anordna en familje afton med servering av kaffe. Medlemmarna fingo till uppdrag att inbjuda bekanta till festen mot avgift av 10 mark per person. Medlemmarna skulle \u00e4ven s\u00e5 vitt m\u00f6jligt anskaffa f\u00f6rn\u00f6denheter till serveringen i form av g\u00e5vor fr\u00e5n handlande m.fl.<\/p>\n<p>(F\u00f6rn\u00f6denheter skaffades fr\u00e5n Pargas Lantmannahandel till en summa av Fmk 773,70)<\/p>\n<p><img loading=\"lazy\" class=\"alignnone size-medium wp-image-850\" src=\"http:\/\/pargasmaskinbefal.fi\/wp-content\/uploads\/2017\/02\/Nimet\u00f6n-234x300.png\" alt=\"\" width=\"234\" height=\"300\" srcset=\"https:\/\/pargasmaskinbefal.fi\/wp-content\/uploads\/2017\/02\/Nimet\u00f6n-234x300.png 234w, https:\/\/pargasmaskinbefal.fi\/wp-content\/uploads\/2017\/02\/Nimet\u00f6n-768x987.png 768w, https:\/\/pargasmaskinbefal.fi\/wp-content\/uploads\/2017\/02\/Nimet\u00f6n-797x1024.png 797w, https:\/\/pargasmaskinbefal.fi\/wp-content\/uploads\/2017\/02\/Nimet\u00f6n.png 808w\" sizes=\"(max-width: 234px) 100vw, 234px\" \/><\/p>\n<p>&#8212;&#8212;&#8212;&#8212;&#8212;&#8212;&#8212;&#8212;&#8212;&#8212;&#8212;&#8212;&#8212;&#8212;&#8212;&#8212;&#8212;&#8212;&#8212;&#8212;&#8212;&#8212;&#8212;&#8212;&#8212;&#8212;&#8212;&#8212;&#8212;&#8212;&#8212;&#8211;<\/p>\n<p><strong>11.2.1928<\/strong><\/p>\n<p>Protokoll f\u00f6rt vid m\u00f6te i Pargas p\u00e5 Eklunds cafe, Pargas malm.<\/p>\n<p>\u00c5rsavgift till avdelningen bibeh\u00e5lles till 10 mark.<\/p>\n<p>Genom avdelningens insamlingslistor har influtit i kontanter 266 mark.<\/p>\n<p>Till medlemmar antogs Artur Alexander Hyypi\u00e4 15.6.1886, Johan Salomaa 6.7.1892, Frans Ferdinand Lahti 2.12.1901, Anton Salomaa 10.10.1893, Martin Kronhed 3.8.1827, Felix Arkadius Gr\u00f6nfelt 5.3.1893, Kosti Osvald Lindstr\u00f6m 14.5.1884.<\/p>\n<p>&#8212;&#8212;&#8212;&#8212;&#8212;&#8212;&#8212;&#8212;&#8212;&#8212;&#8212;&#8212;&#8212;&#8212;&#8212;&#8212;&#8212;&#8212;&#8212;&#8212;&#8212;&#8212;&#8212;&#8212;&#8212;&#8212;&#8212;&#8212;&#8212;&#8212;&#8212;&#8211;<\/p>\n<p><a href=\"http:\/\/pargasmaskinbefal.fi\/index.php\/2017\/01\/30\/hello-world\/\"><em><strong><span style=\"color: #0000ff;\">Home<\/span><\/strong><\/em><\/a><\/p>\n","protected":false},"excerpt":{"rendered":"<p>F\u00f6reningens kontonummer : \u00a0FI34 4055 8220 0206 96 F\u00f6reningens FO-nummer :\u00a03027240-2 Lite statistik \u00f6ver medlemmarnas intresse i f\u00f6reningen fram till 2023. Ordf\u00f6rande : Hans Karlssonn \u00a0 \u00a0 \u00a012 \u00e5r (1954-1965) Kurt Karlsson \u00a0 \u00a0 \u00a0 \u00a0 \u00a023 \u00e5r (1978-2000) Thorolf Lindell \u00a0 \u00a0 \u00a0 \u00a0 11 \u00e5r (2001-2011) Tage Johansson \u00a0 \u00a0 \u00a011 \u00e5r(2012-2023) Sekreterare &hellip; <\/p>\n<p class=\"link-more\"><a href=\"https:\/\/pargasmaskinbefal.fi\/index.php\/foreningen\/\" class=\"more-link\">Continue reading<span class=\"screen-reader-text\"> &#8220;F\u00f6reningen&#8221;<\/span><\/a><\/p>\n","protected":false},"author":1,"featured_media":0,"parent":0,"menu_order":0,"comment_status":"closed","ping_status":"closed","template":"","meta":[],"_links":{"self":[{"href":"https:\/\/pargasmaskinbefal.fi\/index.php\/wp-json\/wp\/v2\/pages\/727"}],"collection":[{"href":"https:\/\/pargasmaskinbefal.fi\/index.php\/wp-json\/wp\/v2\/pages"}],"about":[{"href":"https:\/\/pargasmaskinbefal.fi\/index.php\/wp-json\/wp\/v2\/types\/page"}],"author":[{"embeddable":true,"href":"https:\/\/pargasmaskinbefal.fi\/index.php\/wp-json\/wp\/v2\/users\/1"}],"replies":[{"embeddable":true,"href":"https:\/\/pargasmaskinbefal.fi\/index.php\/wp-json\/wp\/v2\/comments?post=727"}],"version-history":[{"count":25,"href":"https:\/\/pargasmaskinbefal.fi\/index.php\/wp-json\/wp\/v2\/pages\/727\/revisions"}],"predecessor-version":[{"id":1480,"href":"https:\/\/pargasmaskinbefal.fi\/index.php\/wp-json\/wp\/v2\/pages\/727\/revisions\/1480"}],"wp:attachment":[{"href":"https:\/\/pargasmaskinbefal.fi\/index.php\/wp-json\/wp\/v2\/media?parent=727"}],"curies":[{"name":"wp","href":"https:\/\/api.w.org\/{rel}","templated":true}]}}